ommon factor of b and h?
13
Let p = 77 + -14. Let o = p + -36. What is the greatest common divisor of 108 and o?
27
Suppose 2*s + 54 = n + 26, 0 = -3*n - 3*s + 48. Calculate the greatest common factor of 35 and n.
5
Suppose -n + 3 + 2 = 0. Suppose 30 = -4*a + 9*a. Let g be (-1 + a)*(0 - -1). What is the greatest common divisor of n and g?
5
Suppose 62*v - 17*v = 2700. Let w(u) be the second derivative of u**4/6 - u**3 + 2*u**2 - u. Let c be w(5). What is the greatest common factor of c and v?
12
Let f(v) = v**2 + 5*v + 11. Let y be f(-10). Let l = 101 - y. Calculate the highest common factor of l and 10.
10
Let a(g) = 244*g**2 - 12*g - 3. Let c be a(-2). Suppose -c = -2*o - 161. Calculate the greatest common divisor of 38 and o.
38
Let v = 349 - 341. Suppose 0*r + 8 = 4*r. Suppose r*l = -v + 22. What is the highest common factor of 49 and l?
7
Suppose 4*o - p = 54, 1 = 4*p + 9. Let n be -2*((-12)/(-54) - (-242)/(-36)). What is the greatest common factor of o and n?
13
Let u(n) = -n + 32. Let s be u(30). Let f = -3 - 0. Let r be (f - (-21)/6)*s. Calculate the highest common factor of 1 and r.
1
Let f(q) = -2*q**3 - q**2 + 66. Let b be f(0). Suppose k = -7*k + 48. What is the highest common divisor of b and k?
6
Let b(u) = u**3 - 7*u**2 + 4*u. Let p = -46 + 53. Let n be b(p). Calculate the highest common divisor of 112 and n.
28
Let a be 2/12 + (-22992)/(-288). What is the greatest common factor of a and 50?
10
Let a(c) be the second derivative of -c**5/20 + 7*c**4/12 + 5*c**3/3 + 6*c**2 - 4*c. Let f be a(8). What is the highest common factor of f and 42?
14
Suppose -27*a = -34*a + 1071. Calculate the highest common factor of a and 34.
17
Suppose 1 = -r, -o + 40 = 4*r - 1146. What is the highest common divisor of 35 and o?
35
Suppose j + 3*r - 68 = 0, 0 = -r + 1. Let g be j/(3 + (-4 - -2)). What is the highest common factor of g and 26?
13
Let k(w) = -2*w**3 - 16*w**2 + 2*w - 6. Let f be k(-12). Suppose 6*i - f = -96. Calculate the greatest common factor of i and 19.
19
Let r be (1 + 6 + -2)*2. Suppose -r*q + 7*q = -225. Suppose -l + 75 = 2*l. Calculate the greatest common divisor of q and l.
25
Let f(h) = 2 - h - 2*h + 11*h. Let t be f(3). Let n be (3/6*t)/1. What is the highest common factor of 13 and n?
13
Suppose -57 = -b + 2*k - 17, 46 = b + k. Let o = -132 + 90. Let w = o + 53. Calculate the greatest common divisor of w and b.
11
Let n(o) = -o**3 + 5. Let a be n(0). Suppose -a*m + 85 = -535. Let y(j) = 6*j**2 + 4*j - 1. Let s be y(2). What is the highest common divisor of s and m?
31
Let z(t) = -85*t + 21 + 45*t + 39*t. Let v be z(-18). What is the highest common factor of 78 and v?
39
Let z = -8 - -9. Let u = z - -63. What is the greatest common divisor of 8 and u?
8
Suppose 5*w = -3*b + 468, 3*w + 4*b - 2*b = 281. Let t(q) = -7*q + 13. Let m be t(-7). Calculate the greatest common divisor of w and m.
31
Let i(s) be the second derivative of 42*s**5/5 - s**3/6 + s**2/2 - 2*s. Let q be i(1). What is the highest common factor of q and 24?
24
Let u be (-8)/(8 + 1500/(-186)). Calculate the highest common divisor of 4 and u.
4
Suppose -y - 2 = 0, 4*a - 4*y = y + 26. Let k(f) = 3*f + 8 - 3 - 2*f - a. Let o be k(2). What is the greatest common factor of o and 24?
3
Let p(u) = -u**3 - 6*u**2 - 9*u + 1. Let l(o) = -12*o - 1. Let t be l(2). Let w = t + 20. Let m be p(w). Calculate the highest common divisor of 168 and m.
21
Let f be (-2 - -1)*6*(-13)/2. Calculate the highest common factor of 247 and f.
13
Let g(v) = v + 12. Let n be g(-9). Let o be (-2)/((-7)/(-3) - n). Suppose 0*u + o*u = 459. Calculate the greatest common divisor of 17 and u.
17
Let s = -2532 - -2620. Calculate the highest common divisor of s and 704.
88
Suppose -5*a - g = 138, -2*a = -3*a - g - 26. Let t = -53 - -73. Let b be (-5)/(t/8)*a. Calculate the highest common factor of 7 and b.
7
Let h be 0*(-4 + 9)/(-5). Suppose h = -l - 0*l. Let j(g) = g + 5. Let y be j(l). What is the greatest common factor of y and 1?
1
Let g be 5607/30 - (-30)/300. Calculate the greatest common divisor of g and 85.
17
Let n(f) = 2*f**2 - 2*f - 42. Let j be n(-6). Calculate the highest common divisor of j and 651.
21
Suppose 5*f - 2*f = -42. Let a = f + 25. Let v be a/22*77*2. What is the greatest common factor of v and 11?
11
Let t be (22 - (3 - 0)) + -9. Calculate the highest common factor of t and 18.
2
Let r be (6/8)/((-3)/(-24)). Suppose -2*k = k - r. Suppose 0 = -0*c - k*c + 44. What is the greatest common divisor of c and 11?
11
Let p be (-1 + 4/12)*-36. What is the highest common factor of 384 and p?
24
Let x(a) = -2*a**2 - 5*a + 90. Let j be x(0). Suppose 0 = -y + 3*y - j. Calculate the greatest common divisor of 30 and y.
15
Let a be (1 + (-2)/4)/(5/110). Calculate the greatest common divisor of 99 and a.
11
Suppose 157 = 6*y - 347. Let g be (-7)/2*(-2 + (-4 - 2)). Calculate the greatest common divisor of y and g.
28
Suppose 34 = -2*x + 520. Suppose x = -0*a + 2*a + 3*g, -a = g - 121. What is the greatest common factor of a and 24?
24
Let b = 1500 - 744. Calculate the highest common factor of b and 135.
27
Suppose -y - 39 = -130. What is the highest common divisor of 728 and y?
91
Let b = 5 - -19. Suppose 0 = -4*h - 0 + 32. Calculate the highest common divisor of h and b.
8
Let b be 1 + 2 - 3*(-2)/6. Suppose 3*o + b = 34. Calculate the highest common factor of o and 90.
10
Let s = 3 - -262. Calculate the greatest common divisor of s and 5.
5
Let c = 14 + -12. Suppose -c*z - 46 = -3*z - 4*k, -5*k + 5 = 0. Calculate the greatest common factor of z and 42.
42
Let t = 7 + -5. Let c(m) = -m**3 + 2*m**2 + m. Let v be c(t). Calculate the highest common factor of 10 and v.
2
Suppose -5*p + 287 = 4*j + 15, 4*j - 5*p - 232 = 0. What is the greatest common factor of 42 and j?
21
Let v(w) = 9*w**3 - 18*w**3 - 2 + 4*w**2 - 2*w + 10*w**3. Let j be v(-4). Let o be (-3 - 15)/((-3)/8). Calculate the highest common factor of o and j.
6
Let d(t) = -t - 16. Let g be d(-14). Let p = 0 + g. Let j be 13 - 12 - 6/p. What is the greatest common factor of j and 44?
4
Suppose 2*q = -2*p + 110, 3*q + 0*p + 2*p - 164 = 0. Let l be (-14)/3 + 8/12. Let m be 10 + 22 - (l + 0). What is the highest common divisor of m and q?
18
Let n be (2/(-1))/((-40)/(-25) + -2). Suppose -5*d - 3*b + 77 = 0, -b = 4*b + n. What is the greatest common factor of 16 and d?
16
Let p = -609 + 840. Calculate the greatest common divisor of 132 and p.
33
Let b(p) = -p**2 - 8*p + 13. Suppose s = -4*s - 35. Let f be b(s). What is the greatest common divisor of f and 4?
4
Let i(s) = -16*s + 281. Let x be i(15). Calculate the highest common divisor of x and 697.
41
Suppose 6*u - 12*u + 66 = 0. Let m = 285 - 197. Calculate the greatest common divisor of m and u.
11
Let x(g) = -g**2 + 49*g - 352. Let b be x(40). Calculate the highest common divisor of b and 344.
8
Let l(w) = 33*w**2 + 89*w + 333. Let q be l(-4). What is the greatest common divisor of 5 and q?
5
Let v be -2 + 819/14 + (-4)/(-8). What is the greatest common divisor of v and 19?
19
Suppose -5*t - 46 = -1271. Let m = -2 - -7. Suppose 0 = g - 4*n + m*n - 119, 2*g = 5*n + t. Calculate the highest common factor of g and 15.
15
Let i be 2/8 + 2395/20. Let d = -88 + i. Calculate the greatest common factor of 224 and d.
32
Let m = 137 + -135. Let t be (m*(-33)/(-12))/(3/6). Calculate the greatest common divisor of 2 and t.
1
Let y = -326 - -462. Suppose -2*j = -4*a + y, 100 = 3*a - j - 0*j. Suppose 3*d - r - 36 = 2*r, -4*d + a = 4*r. What is the greatest common divisor of d and 2?
2
Let t(g) = -g**2 + 6*g + 9. Let v be t(7). Let a be 1057/v - (-2 + (-25)/(-10)). What is the highest common divisor of 48 and a?
48
Let a(z) = 2*z**2 - 3*z - 1. Let c be a(4). Suppose 6 = 2*n - 4. Suppose -n*l - 380 = -10*l. What is the greatest common divisor of c and l?
19
Let s(x) = x**3 - 14*x**2 + 27*x - 14. Let h be s(13). What is the highest common factor of 154 and h?
14
Let c = -137 + 182. What is the highest common factor of c and 25?
5
Let o = 174 - 12. Let s = 33 - 15. What is the greatest common factor of o and s?
18
Suppose 84 = -0*x + 2*x. Suppose 0 = -8*p - 40. Let v(n) = n + 19. Let a be v(p). Calculate the highest common divisor of x and a.
14
Let f(a) = a**3 - 6*a**2 + 3*a - 15. Let w be f(6). 